{"id":643,"date":"2020-03-04T09:39:50","date_gmt":"2020-03-04T09:39:50","guid":{"rendered":"https:\/\/alarmanlagen-puttinger.at\/?page_id=643"},"modified":"2021-10-06T08:22:30","modified_gmt":"2021-10-06T08:22:30","slug":"impressum","status":"publish","type":"page","link":"https:\/\/alarmanlagen-puttinger.at\/index.php\/impressum\/","title":{"rendered":"Impressum"},"content":{"rendered":"\t\t<div data-elementor-type=\"wp-page\" data-elementor-id=\"643\" class=\"elementor elementor-643\" data-elementor-post-type=\"page\">\n\t\t\t\t\t\t<section class=\"elementor-section elementor-top-section elementor-element elementor-element-f3d992f elementor-section-boxed elementor-section-height-default elementor-section-height-default\" data-id=\"f3d992f\" data-element_type=\"section\">\n\t\t\t\t\t\t<div class=\"elementor-container elementor-column-gap-default\">\n\t\t\t\t\t<div class=\"elementor-column elementor-col-100 elementor-top-column elementor-element elementor-element-c0e6279\" data-id=\"c0e6279\" data-element_type=\"column\">\n\t\t\t<div class=\"elementor-widget-wrap elementor-element-populated\">\n\t\t\t\t\t\t<div class=\"elementor-element elementor-element-4dc71f6 elementor-widget elementor-widget-heading\" data-id=\"4dc71f6\" data-element_type=\"widget\" data-widget_type=\"heading.default\">\n\t\t\t\t<div class=\"elementor-widget-container\">\n\t\t\t\t\t<h1 class=\"elementor-heading-title elementor-size-large\">Impressum<\/h1>\t\t\t\t<\/div>\n\t\t\t\t<\/div>\n\t\t\t\t<div class=\"elementor-element elementor-element-23b9563 elementor-widget-divider--view-line elementor-widget elementor-widget-divider\" data-id=\"23b9563\" data-element_type=\"widget\" data-widget_type=\"divider.default\">\n\t\t\t\t<div class=\"elementor-widget-container\">\n\t\t\t\t\t\t\t<div class=\"elementor-divider\">\n\t\t\t<span class=\"elementor-divider-separator\">\n\t\t\t\t\t\t<\/span>\n\t\t<\/div>\n\t\t\t\t\t\t<\/div>\n\t\t\t\t<\/div>\n\t\t\t\t\t<\/div>\n\t\t<\/div>\n\t\t\t\t\t<\/div>\n\t\t<\/section>\n\t\t\t\t<section class=\"elementor-section elementor-top-section elementor-element elementor-element-a405866 elementor-section-boxed elementor-section-height-default elementor-section-height-default\" data-id=\"a405866\" data-element_type=\"section\">\n\t\t\t\t\t\t<div class=\"elementor-container elementor-column-gap-default\">\n\t\t\t\t\t<div class=\"elementor-column elementor-col-50 elementor-top-column elementor-element elementor-element-9e43f6b\" data-id=\"9e43f6b\" data-element_type=\"column\">\n\t\t\t<div class=\"elementor-widget-wrap elementor-element-populated\">\n\t\t\t\t\t\t<div class=\"elementor-element elementor-element-53eef7f elementor-widget elementor-widget-text-editor\" data-id=\"53eef7f\" data-element_type=\"widget\" data-widget_type=\"text-editor.default\">\n\t\t\t\t<div class=\"elementor-widget-container\">\n\t\t\t\t\t\t\t\t\t<h5>Gerald Puttinger \u2013 Alarmanlagen &amp; Kamera\u00fcberwachungssysteme<\/h5>\n<p>Eggerding 101<br>A-4773 Eggerding<br>Telefon: +43 664 502 00 11<br>E-Mail: <a href=\"mailto:office@alarmanlagen-puttinger.at\">office@alarmanlagen-puttinger.at<\/a><br>www.alarmanlagen-puttinger.at<\/p>\n<p><span style=\"font-size: 20px; font-weight: 600;\">Gestaltung Website<\/span><br><a href=\"https:\/\/brueckl.eu\/\" target=\"_blank\" rel=\"noopener\">Br\u00fcckl GmbH<\/a><\/p>\t\t\t\t\t\t\t\t<\/div>\n\t\t\t\t<\/div>\n\t\t\t\t\t<\/div>\n\t\t<\/div>\n\t\t\t\t<div class=\"elementor-column elementor-col-50 elementor-top-column elementor-element elementor-element-0acc006\" data-id=\"0acc006\" data-element_type=\"column\">\n\t\t\t<div class=\"elementor-widget-wrap elementor-element-populated\">\n\t\t\t\t\t\t<div class=\"elementor-element elementor-element-749954d elementor-widget elementor-widget-text-editor\" data-id=\"749954d\" data-element_type=\"widget\" data-widget_type=\"text-editor.default\">\n\t\t\t\t<div class=\"elementor-widget-container\">\n\t\t\t\t\t\t\t\t\t<h5>Firmeninformationen<\/h5><p>Gesch\u00e4ftsf\u00fchrung: Gerald Markus Puttinger<br \/>Umsatzsteuer-ID: ATU62127013<br \/>T\u00e4tigkeitsbeschreibung: Elektroinstallationen und Alarmanlagenbau sowie Installation von Bewegungsmeldern und Sicherheitsbeschl\u00e4gen<br \/>Gerichtsstand: Landesgericht Ried im Innkreis<br \/>Beh\u00f6rde gem. ECG: Bezirkshauptmannschaft Sch\u00e4rding<br \/><br \/><\/p><p><a href=\"https:\/\/firmen.wko.at\/Web\/DetailsKontakt.aspx?FirmaID=bc4a4a76-6c2d-4612-890a-7b9ac998fb2d&amp;StandortID=1091&amp;StandortName=eggerding&amp;Suchbegriff=puttinger&amp;Page=1\" target=\"_blank\" rel=\"noopener\"><img decoding=\"async\" class=\"alignnone wp-image-12 size-full\" src=\"http:\/\/www.jennis.at\/wp\/wp-content\/uploads\/WKO.gif\" alt=\"WKO\" width=\"169\" height=\"23\" \/><\/a><\/p>\t\t\t\t\t\t\t\t<\/div>\n\t\t\t\t<\/div>\n\t\t\t\t\t<\/div>\n\t\t<\/div>\n\t\t\t\t\t<\/div>\n\t\t<\/section>\n\t\t\t\t<section class=\"elementor-section elementor-top-section elementor-element elementor-element-d44e62e elementor-section-boxed elementor-section-height-default elementor-section-height-default\" data-id=\"d44e62e\" data-element_type=\"section\">\n\t\t\t\t\t\t<div class=\"elementor-container elementor-column-gap-default\">\n\t\t\t\t\t<div class=\"elementor-column elementor-col-100 elementor-top-column elementor-element elementor-element-3451131\" data-id=\"3451131\" data-element_type=\"column\">\n\t\t\t<div class=\"elementor-widget-wrap elementor-element-populated\">\n\t\t\t\t\t\t<div class=\"elementor-element elementor-element-2eefc70 elementor-widget elementor-widget-spacer\" data-id=\"2eefc70\" data-element_type=\"widget\" data-widget_type=\"spacer.default\">\n\t\t\t\t<div class=\"elementor-widget-container\">\n\t\t\t\t\t\t\t<div class=\"elementor-spacer\">\n\t\t\t<div class=\"elementor-spacer-inner\"><\/div>\n\t\t<\/div>\n\t\t\t\t\t\t<\/div>\n\t\t\t\t<\/div>\n\t\t\t\t<div class=\"elementor-element elementor-element-0eb380e elementor-widget elementor-widget-text-editor\" data-id=\"0eb380e\" data-element_type=\"widget\" data-widget_type=\"text-editor.default\">\n\t\t\t\t<div class=\"elementor-widget-container\">\n\t\t\t\t\t\t\t\t\t<h5>Alle Rechte vorbehalten<\/h5>\n<p>Die auf der Alarmanlagen Puttinger Website bereitgestellten Texte, Bilder, Grafiken, Logos, usw. d\u00fcrfen nicht ver\u00e4ndert oder f\u00fcr Handelszwecke kopiert werden. Wir behalten uns auch vor, die Informationen dieser Website jederzeit ohne vorherige Ank\u00fcndigung zu aktualisieren oder zu \u00e4ndern.<br>Bildquellen: Alarmanlagen Puttinger, Br\u00fcckl GmbH, i-Alarmsysteme GmbH und Jablotron<\/p>\n<h5>Keine Garantie<\/h5>\n<p>Die Website wurde mit gr\u00f6\u00dfter Sorgfalt zusammengestellt, aber das Unternehmen Alarmanlagen Puttinger kann f\u00fcr Fehlerfreiheit, Aktualit\u00e4t und Vollst\u00e4ndigkeit nicht garantieren.<\/p>\n<h5>Haftungshinweis<\/h5>\n<p>Trotz sorgf\u00e4ltiger inhaltlicher Kontrolle \u00fcbernehmen wir keine Haftung f\u00fcr die Inhalte externer Links. F\u00fcr den Inhalt der verlinkten Seiten sind ausschlie\u00dflich deren Betreiber verantwortlich.<br>Das Unternehmen Alarmanlagen Puttinger lehnt jegliche Haftung f\u00fcr unmittelbare, konkrete oder Folge-Sch\u00e4den sowie sonstige Sch\u00e4den jeglicher Art, die aus welchem Grund auch immer im Zusammenhang mit dem indirekten oder direkten Gebrauch der auf der Website bereitgestellten Informationen entstanden sind, ab.<\/p>\n<h5>E-Mails<\/h5>\n<p>Im Einklang mit dem E-Commerce-Gesetz (ECG) machen wir darauf aufmerksam, dass an uns gesendete E-Mails nur zu den \u00fcblichen Gesch\u00e4fts\u00f6ffnungszeiten abgerufen und dann gegebenenfalls beantwortet werden.<\/p>\n<h5>Google Analytics<\/h5>\n<p>Diese Website benutzt Google Analytics, einen Webanalysedienst der Google Inc. (\u201eGoogle\u201c). Google Analytics verwendet sogenannte \u201eCookies\u201c &#8211; Textdateien, die auf Ihrem Computer gespeichert werden und die eine Analyse der Benutzung der Website durch Sie erm\u00f6glichen. Die durch den Cookie erzeugten Informationen \u00fcber Ihre Benutzung dieser Website (einschlie\u00dflich Ihrer IP-Adresse) wird an einen Server von Google in den USA \u00fcbertragen und dort gespeichert. Google wird diese Informationen benutzen, um Ihre Nutzung der Website auszuwerten, um Reports \u00fcber die Websiteaktivit\u00e4ten f\u00fcr die Websitebetreiber zusammenzustellen und um weitere mit der Websitenutzung und der Internetnutzung verbundene Dienstleistungen zu erbringen. Auch wird Google diese Informationen gegebenenfalls an Dritte \u00fcbertragen, sofern dies gesetzlich vorgeschrieben oder soweit Dritte diese Daten im Auftrag von Google verarbeiten. Google wird in keinem Fall Ihre IP-Adresse mit anderen Daten von Google in Verbindung bringen. Sie k\u00f6nnen die Installation der Cookies durch eine entsprechende Einstellung Ihrer Browser Software verhindern; wir weisen Sie jedoch darauf hin, dass Sie in diesem Fall gegebenenfalls nicht s\u00e4mtliche Funktionen dieser Website vollumf\u00e4nglich nutzen k\u00f6nnen.<\/p>\n<p>Durch die Nutzung dieser Website erkl\u00e4ren Sie sich mit der Bearbeitung der \u00fcber Sie erhobenen Daten durch Google in der zuvor beschriebenen Art und Weise und zu dem zuvor benannten Zweck einverstanden. Der Datenerhebung und Datenspeicherung kann jederzeit mit Wirkung f\u00fcr die Zukunft widersprochen werden. Angesichts der Diskussion um den Einsatz von Analysetools mit vollst\u00e4ndigen IP-Adressen m\u00f6chten wir darauf hinweisen, dass diese Website Google Analytics mit der Erweiterung \u201e_anonymizeIp()\u201c verwendet und daher IP-Adressen nur gek\u00fcrzt weiterverarbeitet werden, um eine direkte Personenbeziehbarkeit auszuschlie\u00dfen.<\/p>\t\t\t\t\t\t\t\t<\/div>\n\t\t\t\t<\/div>\n\t\t\t\t\t<\/div>\n\t\t<\/div>\n\t\t\t\t\t<\/div>\n\t\t<\/section>\n\t\t\t\t<\/div>\n\t\t","protected":false},"excerpt":{"rendered":"<p>Impressum Gerald Puttinger \u2013 Alarmanlagen &amp; Kamera\u00fcberwachungssysteme Eggerding 101A-4773 EggerdingTelefon: +43 664 502 00 11E-Mail: office@alarmanlagen-puttinger.atwww.alarmanlagen-puttinger.at Gestaltung WebsiteBr\u00fcckl GmbH Firmeninformationen Gesch\u00e4ftsf\u00fchrung: Gerald [&hellip;]<\/p>\n","protected":false},"author":2,"featured_media":0,"parent":0,"menu_order":0,"comment_status":"closed","ping_status":"closed","template":"elementor_header_footer","meta":{"footnotes":""},"class_list":["post-643","page","type-page","status-publish","hentry"],"yoast_head":"<!-- This site is optimized with the Yoast SEO Premium plugin v26.6 (Yoast SEO v26.6) - https:\/\/yoast.com\/wordpress\/plugins\/seo\/ -->\n<title>Impressum I Puttinger - Alarmanlagen &amp; Kamera\u00fcberwachungssysteme<\/title>\n<meta name=\"description\" content=\"Impressum. Gerald Puttinger - Alarmanlagen &amp; Kamera\u00fcberwachungssysteme, H\u00f6ribach 6, 4773 Eggerding, Tel. +43 664 5020011, office@alarmanlagen-puttinger.at\" \/>\n<meta name=\"robots\" content=\"index, follow, max-snippet:-1, max-image-preview:large, max-video-preview:-1\" \/>\n<link rel=\"canonical\" href=\"https:\/\/alarmanlagen-puttinger.at\/index.php\/impressum\/\" \/>\n<meta property=\"og:locale\" content=\"de_DE\" \/>\n<meta property=\"og:type\" content=\"article\" \/>\n<meta property=\"og:title\" content=\"Impressum\" \/>\n<meta property=\"og:description\" content=\"Impressum. Gerald Puttinger - Alarmanlagen &amp; Kamera\u00fcberwachungssysteme, H\u00f6ribach 6, 4773 Eggerding, Tel. +43 664 5020011, office@alarmanlagen-puttinger.at\" \/>\n<meta property=\"og:url\" content=\"https:\/\/alarmanlagen-puttinger.at\/index.php\/impressum\/\" \/>\n<meta property=\"og:site_name\" content=\"Puttinger\" \/>\n<meta property=\"article:modified_time\" content=\"2021-10-06T08:22:30+00:00\" \/>\n<meta property=\"og:image\" content=\"http:\/\/www.jennis.at\/wp\/wp-content\/uploads\/WKO.gif\" \/>\n<meta name=\"twitter:card\" content=\"summary_large_image\" \/>\n<meta name=\"twitter:label1\" content=\"Gesch\u00e4tzte Lesezeit\" \/>\n\t<meta name=\"twitter:data1\" content=\"3\u00a0Minuten\" \/>\n<script type=\"application\/ld+json\" class=\"yoast-schema-graph\">{\"@context\":\"https:\/\/schema.org\",\"@graph\":[{\"@type\":\"WebPage\",\"@id\":\"https:\/\/alarmanlagen-puttinger.at\/index.php\/impressum\/\",\"url\":\"https:\/\/alarmanlagen-puttinger.at\/index.php\/impressum\/\",\"name\":\"Impressum I Puttinger - Alarmanlagen & Kamera\u00fcberwachungssysteme\",\"isPartOf\":{\"@id\":\"https:\/\/alarmanlagen-puttinger.at\/#website\"},\"primaryImageOfPage\":{\"@id\":\"https:\/\/alarmanlagen-puttinger.at\/index.php\/impressum\/#primaryimage\"},\"image\":{\"@id\":\"https:\/\/alarmanlagen-puttinger.at\/index.php\/impressum\/#primaryimage\"},\"thumbnailUrl\":\"http:\/\/www.jennis.at\/wp\/wp-content\/uploads\/WKO.gif\",\"datePublished\":\"2020-03-04T09:39:50+00:00\",\"dateModified\":\"2021-10-06T08:22:30+00:00\",\"description\":\"Impressum. Gerald Puttinger - Alarmanlagen & Kamera\u00fcberwachungssysteme, H\u00f6ribach 6, 4773 Eggerding, Tel. +43 664 5020011, office@alarmanlagen-puttinger.at\",\"breadcrumb\":{\"@id\":\"https:\/\/alarmanlagen-puttinger.at\/index.php\/impressum\/#breadcrumb\"},\"inLanguage\":\"de\",\"potentialAction\":[{\"@type\":\"ReadAction\",\"target\":[\"https:\/\/alarmanlagen-puttinger.at\/index.php\/impressum\/\"]}]},{\"@type\":\"ImageObject\",\"inLanguage\":\"de\",\"@id\":\"https:\/\/alarmanlagen-puttinger.at\/index.php\/impressum\/#primaryimage\",\"url\":\"http:\/\/www.jennis.at\/wp\/wp-content\/uploads\/WKO.gif\",\"contentUrl\":\"http:\/\/www.jennis.at\/wp\/wp-content\/uploads\/WKO.gif\"},{\"@type\":\"BreadcrumbList\",\"@id\":\"https:\/\/alarmanlagen-puttinger.at\/index.php\/impressum\/#breadcrumb\",\"itemListElement\":[{\"@type\":\"ListItem\",\"position\":1,\"name\":\"Home\",\"item\":\"https:\/\/alarmanlagen-puttinger.at\/\"},{\"@type\":\"ListItem\",\"position\":2,\"name\":\"Impressum\"}]},{\"@type\":\"WebSite\",\"@id\":\"https:\/\/alarmanlagen-puttinger.at\/#website\",\"url\":\"https:\/\/alarmanlagen-puttinger.at\/\",\"name\":\"Puttinger\",\"description\":\"Just another WordPress site\",\"potentialAction\":[{\"@type\":\"SearchAction\",\"target\":{\"@type\":\"EntryPoint\",\"urlTemplate\":\"https:\/\/alarmanlagen-puttinger.at\/?s={search_term_string}\"},\"query-input\":{\"@type\":\"PropertyValueSpecification\",\"valueRequired\":true,\"valueName\":\"search_term_string\"}}],\"inLanguage\":\"de\"}]}<\/script>\n<!-- \/ Yoast SEO Premium plugin. -->","yoast_head_json":{"title":"Impressum I Puttinger - Alarmanlagen & Kamera\u00fcberwachungssysteme","description":"Impressum. Gerald Puttinger - Alarmanlagen & Kamera\u00fcberwachungssysteme, H\u00f6ribach 6, 4773 Eggerding, Tel. +43 664 5020011, office@alarmanlagen-puttinger.at","robots":{"index":"index","follow":"follow","max-snippet":"max-snippet:-1","max-image-preview":"max-image-preview:large","max-video-preview":"max-video-preview:-1"},"canonical":"https:\/\/alarmanlagen-puttinger.at\/index.php\/impressum\/","og_locale":"de_DE","og_type":"article","og_title":"Impressum","og_description":"Impressum. Gerald Puttinger - Alarmanlagen & Kamera\u00fcberwachungssysteme, H\u00f6ribach 6, 4773 Eggerding, Tel. +43 664 5020011, office@alarmanlagen-puttinger.at","og_url":"https:\/\/alarmanlagen-puttinger.at\/index.php\/impressum\/","og_site_name":"Puttinger","article_modified_time":"2021-10-06T08:22:30+00:00","og_image":[{"url":"http:\/\/www.jennis.at\/wp\/wp-content\/uploads\/WKO.gif","type":"","width":"","height":""}],"twitter_card":"summary_large_image","twitter_misc":{"Gesch\u00e4tzte Lesezeit":"3\u00a0Minuten"},"schema":{"@context":"https:\/\/schema.org","@graph":[{"@type":"WebPage","@id":"https:\/\/alarmanlagen-puttinger.at\/index.php\/impressum\/","url":"https:\/\/alarmanlagen-puttinger.at\/index.php\/impressum\/","name":"Impressum I Puttinger - Alarmanlagen & Kamera\u00fcberwachungssysteme","isPartOf":{"@id":"https:\/\/alarmanlagen-puttinger.at\/#website"},"primaryImageOfPage":{"@id":"https:\/\/alarmanlagen-puttinger.at\/index.php\/impressum\/#primaryimage"},"image":{"@id":"https:\/\/alarmanlagen-puttinger.at\/index.php\/impressum\/#primaryimage"},"thumbnailUrl":"http:\/\/www.jennis.at\/wp\/wp-content\/uploads\/WKO.gif","datePublished":"2020-03-04T09:39:50+00:00","dateModified":"2021-10-06T08:22:30+00:00","description":"Impressum. Gerald Puttinger - Alarmanlagen & Kamera\u00fcberwachungssysteme, H\u00f6ribach 6, 4773 Eggerding, Tel. +43 664 5020011, office@alarmanlagen-puttinger.at","breadcrumb":{"@id":"https:\/\/alarmanlagen-puttinger.at\/index.php\/impressum\/#breadcrumb"},"inLanguage":"de","potentialAction":[{"@type":"ReadAction","target":["https:\/\/alarmanlagen-puttinger.at\/index.php\/impressum\/"]}]},{"@type":"ImageObject","inLanguage":"de","@id":"https:\/\/alarmanlagen-puttinger.at\/index.php\/impressum\/#primaryimage","url":"http:\/\/www.jennis.at\/wp\/wp-content\/uploads\/WKO.gif","contentUrl":"http:\/\/www.jennis.at\/wp\/wp-content\/uploads\/WKO.gif"},{"@type":"BreadcrumbList","@id":"https:\/\/alarmanlagen-puttinger.at\/index.php\/impressum\/#breadcrumb","itemListElement":[{"@type":"ListItem","position":1,"name":"Home","item":"https:\/\/alarmanlagen-puttinger.at\/"},{"@type":"ListItem","position":2,"name":"Impressum"}]},{"@type":"WebSite","@id":"https:\/\/alarmanlagen-puttinger.at\/#website","url":"https:\/\/alarmanlagen-puttinger.at\/","name":"Puttinger","description":"Just another WordPress site","potentialAction":[{"@type":"SearchAction","target":{"@type":"EntryPoint","urlTemplate":"https:\/\/alarmanlagen-puttinger.at\/?s={search_term_string}"},"query-input":{"@type":"PropertyValueSpecification","valueRequired":true,"valueName":"search_term_string"}}],"inLanguage":"de"}]}},"_links":{"self":[{"href":"https:\/\/alarmanlagen-puttinger.at\/index.php\/wp-json\/wp\/v2\/pages\/643","targetHints":{"allow":["GET"]}}],"collection":[{"href":"https:\/\/alarmanlagen-puttinger.at\/index.php\/wp-json\/wp\/v2\/pages"}],"about":[{"href":"https:\/\/alarmanlagen-puttinger.at\/index.php\/wp-json\/wp\/v2\/types\/page"}],"author":[{"embeddable":true,"href":"https:\/\/alarmanlagen-puttinger.at\/index.php\/wp-json\/wp\/v2\/users\/2"}],"replies":[{"embeddable":true,"href":"https:\/\/alarmanlagen-puttinger.at\/index.php\/wp-json\/wp\/v2\/comments?post=643"}],"version-history":[{"count":12,"href":"https:\/\/alarmanlagen-puttinger.at\/index.php\/wp-json\/wp\/v2\/pages\/643\/revisions"}],"predecessor-version":[{"id":1419,"href":"https:\/\/alarmanlagen-puttinger.at\/index.php\/wp-json\/wp\/v2\/pages\/643\/revisions\/1419"}],"wp:attachment":[{"href":"https:\/\/alarmanlagen-puttinger.at\/index.php\/wp-json\/wp\/v2\/media?parent=643"}],"curies":[{"name":"wp","href":"https:\/\/api.w.org\/{rel}","templated":true}]}}